{"id":50,"date":"2019-10-16T14:24:15","date_gmt":"2019-10-16T12:24:15","guid":{"rendered":"http:\/\/christmann-foto.de\/?page_id=50"},"modified":"2019-12-18T13:01:59","modified_gmt":"2019-12-18T12:01:59","slug":"agb","status":"publish","type":"page","link":"https:\/\/christmann-foto.de\/?page_id=50","title":{"rendered":"AGB"},"content":{"rendered":"<h1 class=\"western\"><span style=\"font-size: large;\">Allgemeine Gesch\u00e4ftsbedingungen Christmann Fotografie (AGB)<\/span><\/h1>\n<h2 class=\"western\"><span style=\"font-size: medium;\">Auf ein Wort Vorab<\/span><\/h2>\n<p>Wir weisen vorsorglich auf folgendes hin: Fotografien sind stets Umwelteinfl\u00fcssen ausgesetzt, ihre Anmutung und Farbigkeit k\u00f6nnen sich ver\u00e4ndern und sie k\u00f6nnen ausbleichen. Damit Sie dauerhaft Freude an unseren fotografischen Kunstwerken, die mit aller Sorgfalt hergestellt und auf archivfestes Material in Museumsqualit\u00e4t ausgedruckt werden, sollten Sie Fotografien, Kaschierungen und Rahmen weder ganz noch in Teilen direkter Sonneneinstrahlung aussetzen, nicht unmittelbar \u00fcber Heizungen h\u00e4ngen und nicht einer das Niveau normaler Wohnr\u00e4ume \u00fcbersteigenden Luftfeuchtigkeit aussetzen. Fotografien, Kaschierungen und Rahmen sind demnach f\u00fcr den Au\u00dfenraum, Kellerr\u00e4ume, B\u00e4der und K\u00fcchen nicht geeignet. Kaschierungen mit UV-Schutzfolie oder Acrylglas und Holzrahmen sind sehr kratz- und fleckempfindlich und sollten daher nur mit Handschuhen oder einem vergleichbaren Schutz angefasst werden.<\/p>\n<p>Unsere Gesch\u00e4ftsbedingungen haben das Ziel, die Gesch\u00e4ftsbeziehung zwischen Ihnen und uns verbindlich und fair zu regeln. Grundlage einer Bestellung und eines Vertrages sind daher immer die nachfolgenden Allgemeinen Gesch\u00e4ftsbedingungen von Peter Christmann Fotografie, deren Kenntnisnahme und Einbeziehung Sie mit einer Bestellung bei uns anerkennen und best\u00e4tigen. Sie k\u00f6nnen die Gesch\u00e4ftsbedingungen im folgenden einsehen.<\/p>\n<p><strong><span style=\"font-size: medium;\">1. Geltungsbereich<\/span><\/strong><\/p>\n<p>F\u00fcr die Gesch\u00e4ftsbeziehung zwischen CHRISTMANN FOTOGRAFIE und dem Besteller gelten ausschlie\u00dflich die nachfolgenden Allgemeinen Gesch\u00e4ftsbedingungen in ihrer zum Zeitpunkt der Bestellung g\u00fcltigen Fassung. Abweichende Bedingungen des Bestellers erkennen wir nicht an, es sei denn, wir h\u00e4tten ausdr\u00fccklich schriftlich ihrer Geltung zugestimmt.<\/p>\n<p class=\"western\"><strong><span style=\"font-size: medium;\">2. Vertragsschluss<\/span><\/strong><\/p>\n<p>Die Darstellung der Produkte im Online-Shop stellt kein rechtlich bindendes Angebot, sondern einen unverbindlichen Online-Katalog dar. Die von Ihnen \u00fcber den Button \u201eIn den Warenkorb\u201c ausgew\u00e4hlten Produkte werden Ihnen zum Abschluss des Bestellprozesses noch einmal in einer Bestell\u00fcbersicht zusammengefasst. Hier k\u00f6nnen Sie alle im Rahmen des Bestellprozesses gemachten Angaben \u00fcberpr\u00fcfen und \u00fcber die Schaltfl\u00e4che \u201e\u00e4ndern\u201c erg\u00e4nzen bzw. berichtigen. Mit Anklicken des Buttons \u201eJetzt kaufen\u201c senden Sie Ihre Bestelldaten ab und erkl\u00e4ren Sie verbindlich gegen\u00fcber CHRISTMANN FOTOGRAFIE, die dort aufgef\u00fchrten Produkte erwerben zu wollen (Angebot). Ihr Angebot nehmen wir mit Eingang Ihrer Bestellung bei uns automatisch an. Unmittelbar nach dem Absenden der Bestellung erhalten Sie per E-Mail eine Bestell- und Vertragsbest\u00e4tigung, in der die Details Ihrer Bestellung erneut aufgef\u00fchrt sind.<\/p>\n<p>Der Text Ihrer Bestellung wird von uns gespeichert und kann Ihnen nach Abschluss Ihrer Bestellung auf Anfrage \u00fcbermittelt werden. Wir empfehlen Ihnen, zu Ihrer Sicherheit die Bestelldaten und die zum Zeitpunkt der Bestellung geltenden Allgemeinen Gesch\u00e4ftsbedingungen auszudrucken. Als Vertragssprache steht Ihnen Deutsch zur Verf\u00fcgung.<\/p>\n<p>Bitte beachten Sie, dass wir alle Produkte nur in haushalts\u00fcblichen Mengen verkaufen.<\/p>\n<p class=\"western\"><strong><span style=\"font-size: medium;\">3. Lieferung<\/span><\/strong><\/p>\n<p>Sofern nicht anders vereinbart, erfolgt die Lieferung ab Lager an Ihre Adresse bzw. an die von Ihnen angegebene Lieferadresse. Die Lieferzeit betr\u00e4gt innerhalb Deutschlands ca. 6 Werktage und ins Ausland ca. 8 Tage.<\/p>\n<p class=\"western\"><strong><span style=\"font-size: medium;\">4. Preise &#8211; F\u00e4lligkeit &#8211; Zahlung &amp; Verzug<\/span><\/strong><\/p>\n<p>Die im Onlineshop angegebenen Preise sind Endpreise einschlie\u00dflich Umsatzsteuer. Die Versandkosten sind im Preis der Bestellung nicht enthalten und werden diesem jeweils hinzugerechnet. Informationen \u00fcber die Versandkosten finden Sie in \u00a7 6 dieser AGB.<\/p>\n<p>Kommen Sie in Zahlungsverzug, so ist CHRISTMANN FOTOGRAFIE berechtigt, Verzugszinsen in H\u00f6he von 5 Prozentpunkten \u00fcber dem von der Europ\u00e4ischen Zentralbank jeweils bekannt gegebenen Basiszinssatz p.a. gegen\u00fcber Verbrauchern und 9 Prozentpunkten \u00fcber dem von der Europ\u00e4ischen Zentralbank jeweils bekannt gegebenen Basiszinssatz p.a. gegen\u00fcber Unternehmern zu verlangen. Zudem kann von uns pauschal \u20ac 2,50 je Mahnung mit Ausnahme der Erstmahnung fordern. Falls uns ein h\u00f6herer Verzugsschaden nachweisbar entstanden ist, sind wir berechtigt, diesen geltend zu machen.<\/p>\n<p>Sie k\u00f6nnen in den o.g. F\u00e4llen nachweisen, dass CHRISTMANN FOTOGRAFIE ein Schaden \u00fcberhaupt nicht entstanden ist oder aber dass dieser niedriger als die o.g. Pauschalen ist.<\/p>\n<p class=\"western\"><strong><span style=\"font-size: medium;\">5. Versandkosten<\/span><\/strong><\/p>\n<p>CHRISTMANN FOTOGRAFIE berechnet f\u00fcr Lieferungen innerhalb Deutschlands die folgenden Versandkosten: Fotoprint 40 x 60 cm \/ 40 x 40 cm = 9,00 \u20ac<\/p>\n<p>Die Versandkosten f\u00fcr anderen Formate (Sonderformaten) erfragen Sie bitte bei uns..<\/p>\n<p class=\"western\"><strong><span style=\"font-size: medium;\">6. Aufrechnung, Zur\u00fcckbehaltung<\/span><\/strong><\/p>\n<p>Ein Recht zur Aufrechnung steht Ihnen nur zu, wenn Ihre Gegenanspr\u00fcche rechtskr\u00e4ftig festgestellt oder von uns anerkannt sind. Zur Aufrechnung sind Sie auch berechtigt, wenn Sie M\u00e4ngelr\u00fcgen oder Gegenanspr\u00fcche aus demselben Kaufvertrag geltend machen. Au\u00dferdem sind Sie zur Aus\u00fcbung eines Zur\u00fcckbehaltungsrechts nur insoweit befugt, als Ihr Gegenanspruch auf dem gleichen Vertragsverh\u00e4ltnis beruht.<\/p>\n<p class=\"western\"><strong><span style=\"font-size: medium;\">7. Eigentumsvorbehalt<\/span><\/strong><\/p>\n<p>Die gelieferte Ware bleibt bis zur vollst\u00e4ndigen und endg\u00fcltigen Bezahlung im Eigentum von CHRISTMANN FOTOGRAFIE.<\/p>\n<p class=\"western\"><strong><span style=\"font-size: medium;\">8. Haftung<\/span><\/strong><\/p>\n<p>CHRISTMANN FOTOGRAFIE haftet im Rahmen der gesetzlichen Bestimmungen jeweils unbeschr\u00e4nkt f\u00fcr Sch\u00e4den<\/p>\n<p>(a) aus der Verletzung des Lebens, des K\u00f6rpers oder der Gesundheit, die auf einer vors\u00e4tzlichen oder fahrl\u00e4ssigen Pflichtverletzung bzw. sonst auf vors\u00e4tzlichem oder fahrl\u00e4ssigem Verhalten von CHRISTMANN FOTOGRAFIE oder eines seiner gesetzlichen Vertreter oder Erf\u00fcllungsgehilfen beruhen;<\/p>\n<p>(b) die auf einer vors\u00e4tzlichen oder grob fahrl\u00e4ssigen Pflichtverletzung bzw. sonst auf vors\u00e4tzlichem oder grob fahrl\u00e4ssigem Verhalten des Anbieters oder eines seiner gesetzlichen Vertreter oder Erf\u00fcllungsgehilfen beruhen.<\/p>\n<p>CHRISTMANN FOTOGRAFIE haftet unter Begrenzung auf Ersatz des vertragstypischen vorhersehbaren Schadens f\u00fcr solche Sch\u00e4den, die auf einer leicht fahrl\u00e4ssigen Verletzung von wesentlichen Pflichten durch CHRISTMANN FOTOGRAFIE oder einen seiner gesetzlichen Vertreter oder Erf\u00fcllungsgehilfen beruhen. Wesentliche Pflichten sind Pflichten, deren Erf\u00fcllung die ordnungsgem\u00e4\u00dfe Durchf\u00fchrung des Vertrags \u00fcberhaupt erst erm\u00f6glicht und auf deren Einhaltung der Besteller vertrauen darf.<\/p>\n<p>Die vorstehenden Bestimmungen gelten sinngem\u00e4\u00df auch f\u00fcr die Haftung von uns im Hinblick auf den Ersatz vergeblicher Aufwendungen.<\/p>\n<p>Die Haftung nach dem Produkthaftungsgesetz bleibt unber\u00fchrt.<\/p>\n<p class=\"western\"><strong><span style=\"font-size: medium;\">9. Gew\u00e4hrleistung<\/span><\/strong><\/p>\n<p>Es gelten die gesetzlichen Gew\u00e4hrleistungsrechte, sofern nicht ausdr\u00fccklich etwas anderes vereinbart worden ist.<\/p>\n<p>Sind Sie als Besteller ein Unternehmer nach \u00a7 14 BGB, setzen Ihre M\u00e4ngelanspr\u00fcche voraus, dass Sie Ihren gesetzlichen Untersuchungs- und R\u00fcgepflichten (\u00a7\u00a7 377, 381 HGB) nachgekommen sind. Zeigt sich bei der Untersuchung oder sp\u00e4ter ein Mangel, so ist uns hiervon unverz\u00fcglich schriftlich Anzeige zu machen. Als unverz\u00fcglich gilt die Anzeige, wenn sie innerhalb von zwei Wochen erfolgt, wobei zur Fristwahrung die rechtzeitige Absendung der Anzeige gen\u00fcgt. Unabh\u00e4ngig von dieser Untersuchungs- und R\u00fcgepflicht haben Sie offensichtliche M\u00e4ngel (einschlie\u00dflich Falsch- und Minderlieferung) innerhalb von zwei Wochen ab Lieferung schriftlich anzuzeigen, wobei auch hier zur Fristwahrung die rechtzeitige Absendung der Anzeige gen\u00fcgt. Vers\u00e4umen Sie die ordnungsgem\u00e4\u00dfe Untersuchung und\/oder M\u00e4ngelanzeige, ist unsere Haftung f\u00fcr den nicht angezeigten Mangel ausgeschlossen.<\/p>\n<p class=\"western\"><strong><span style=\"font-size: medium;\">10. Keine Einr\u00e4umung von Rechten<\/span><\/strong><\/p>\n<p>Mit dem Kauf eines fotografischen Abzugs erwerben Sie nur das dingliche Eigentum an dem Abzug. Es werden keinerlei sonstige Nutzungsrechte einger\u00e4umt. Jegliche Reproduktion (Vervielf\u00e4ltigung), Verbreitung, Vermietung, \u00f6ffentliche Zug\u00e4nglichmachung oder sonstige analoge oder digitale Verwertung sind nicht gestattet, soweit dies nicht gesetzlich zugelassen ist. Sie k\u00f6nnen den Abzug jedoch weiterverkaufen.<\/p>\n<p class=\"western\"><strong><span style=\"font-size: medium;\">11. Erhebung, Verarbeitung und Nutzung von pers\u00f6nlichen Daten<\/span><\/strong><\/p>\n<p>Alle Regelungen zum Schutz Ihrer Daten finden sich unter <a href=\"https:\/\/www.lumas.de\/datenschutz\/\">Datenschutz<\/a>.<\/p>\n<h3 class=\"western\">Information zur Online-Streitbeilegung gem\u00e4\u00df Art 14 Abs. 1 ODR-Verordnung und \u00a7\u00a7 36 f. VSBG:<\/h3>\n<p>Die Europ\u00e4ische Kommission stellt eine Plattform zur Online-Streitbeilegung (OS) bereit, die Sie unter <a href=\"http:\/\/ec.europa.eu\/consumers\/odr\/\">http:\/\/ec.europa.eu\/consumers\/odr\/<\/a> finden. Zur Teilnahme an einem Streitbeilegungsverfahren vor einer Verbraucherschlichtungsstelle sind wir nicht verpflichtet und nicht bereit.<\/p>\n<p>Stand: 20. Dezember 2019<\/p>\n","protected":false},"excerpt":{"rendered":"<p>Allgemeine Gesch\u00e4ftsbedingungen Christmann Fotografie (AGB) Auf ein Wort Vorab Wir weisen vorsorglich auf folgendes hin: Fotografien sind stets Umwelteinfl\u00fcssen ausgesetzt, ihre Anmutung und Farbigkeit k\u00f6nnen sich ver\u00e4ndern und sie k\u00f6nnen ausbleichen. Damit Sie dauerhaft Freude an unseren fotografischen Kunstwerken, die mit aller Sorgfalt hergestellt und auf archivfestes Material in Museumsqualit\u00e4t ausgedruckt werden, sollten Sie Fotografien, [&hellip;]<\/p>\n","protected":false},"author":1,"featured_media":0,"parent":0,"menu_order":0,"comment_status":"closed","ping_status":"closed","template":"","meta":[],"yoast_head":"<!-- This site is optimized with the Yoast SEO plugin v19.10 - https:\/\/yoast.com\/wordpress\/plugins\/seo\/ -->\n<title>AGB - CHRISTMANN FOTOGRAFIE<\/title>\n<meta name=\"robots\" content=\"index, follow, max-snippet:-1, max-image-preview:large, max-video-preview:-1\" \/>\n<link rel=\"canonical\" href=\"https:\/\/christmann-foto.de\/?page_id=50\" \/>\n<meta property=\"og:locale\" content=\"de_DE\" \/>\n<meta property=\"og:type\" content=\"article\" \/>\n<meta property=\"og:title\" content=\"AGB - CHRISTMANN FOTOGRAFIE\" \/>\n<meta property=\"og:description\" content=\"Allgemeine Gesch\u00e4ftsbedingungen Christmann Fotografie (AGB) Auf ein Wort Vorab Wir weisen vorsorglich auf folgendes hin: Fotografien sind stets Umwelteinfl\u00fcssen ausgesetzt, ihre Anmutung und Farbigkeit k\u00f6nnen sich ver\u00e4ndern und sie k\u00f6nnen ausbleichen. Damit Sie dauerhaft Freude an unseren fotografischen Kunstwerken, die mit aller Sorgfalt hergestellt und auf archivfestes Material in Museumsqualit\u00e4t ausgedruckt werden, sollten Sie Fotografien, [&hellip;]\" \/>\n<meta property=\"og:url\" content=\"https:\/\/christmann-foto.de\/?page_id=50\" \/>\n<meta property=\"og:site_name\" content=\"CHRISTMANN FOTOGRAFIE\" \/>\n<meta property=\"article:modified_time\" content=\"2019-12-18T12:01:59+00:00\" \/>\n<meta name=\"twitter:card\" content=\"summary_large_image\" \/>\n<meta name=\"twitter:label1\" content=\"Gesch\u00e4tzte Lesezeit\" \/>\n\t<meta name=\"twitter:data1\" content=\"6 Minuten\" \/>\n<script type=\"application\/ld+json\" class=\"yoast-schema-graph\">{\"@context\":\"https:\/\/schema.org\",\"@graph\":[{\"@type\":\"WebPage\",\"@id\":\"https:\/\/christmann-foto.de\/?page_id=50\",\"url\":\"https:\/\/christmann-foto.de\/?page_id=50\",\"name\":\"AGB - CHRISTMANN FOTOGRAFIE\",\"isPartOf\":{\"@id\":\"https:\/\/christmann-foto.de\/#website\"},\"datePublished\":\"2019-10-16T12:24:15+00:00\",\"dateModified\":\"2019-12-18T12:01:59+00:00\",\"breadcrumb\":{\"@id\":\"https:\/\/christmann-foto.de\/?page_id=50#breadcrumb\"},\"inLanguage\":\"de-DE\",\"potentialAction\":[{\"@type\":\"ReadAction\",\"target\":[\"https:\/\/christmann-foto.de\/?page_id=50\"]}]},{\"@type\":\"BreadcrumbList\",\"@id\":\"https:\/\/christmann-foto.de\/?page_id=50#breadcrumb\",\"itemListElement\":[{\"@type\":\"ListItem\",\"position\":1,\"name\":\"Startseite\",\"item\":\"https:\/\/christmann-foto.de\/?page_id=24\"},{\"@type\":\"ListItem\",\"position\":2,\"name\":\"AGB\"}]},{\"@type\":\"WebSite\",\"@id\":\"https:\/\/christmann-foto.de\/#website\",\"url\":\"https:\/\/christmann-foto.de\/\",\"name\":\"CHRISTMANN FOTOGRAFIE\",\"description\":\"Fotografien aus aller Welt\",\"potentialAction\":[{\"@type\":\"SearchAction\",\"target\":{\"@type\":\"EntryPoint\",\"urlTemplate\":\"https:\/\/christmann-foto.de\/?s={search_term_string}\"},\"query-input\":\"required name=search_term_string\"}],\"inLanguage\":\"de-DE\"}]}<\/script>\n<!-- \/ Yoast SEO plugin. -->","yoast_head_json":{"title":"AGB - CHRISTMANN FOTOGRAFIE","robots":{"index":"index","follow":"follow","max-snippet":"max-snippet:-1","max-image-preview":"max-image-preview:large","max-video-preview":"max-video-preview:-1"},"canonical":"https:\/\/christmann-foto.de\/?page_id=50","og_locale":"de_DE","og_type":"article","og_title":"AGB - CHRISTMANN FOTOGRAFIE","og_description":"Allgemeine Gesch\u00e4ftsbedingungen Christmann Fotografie (AGB) Auf ein Wort Vorab Wir weisen vorsorglich auf folgendes hin: Fotografien sind stets Umwelteinfl\u00fcssen ausgesetzt, ihre Anmutung und Farbigkeit k\u00f6nnen sich ver\u00e4ndern und sie k\u00f6nnen ausbleichen. Damit Sie dauerhaft Freude an unseren fotografischen Kunstwerken, die mit aller Sorgfalt hergestellt und auf archivfestes Material in Museumsqualit\u00e4t ausgedruckt werden, sollten Sie Fotografien, [&hellip;]","og_url":"https:\/\/christmann-foto.de\/?page_id=50","og_site_name":"CHRISTMANN FOTOGRAFIE","article_modified_time":"2019-12-18T12:01:59+00:00","twitter_card":"summary_large_image","twitter_misc":{"Gesch\u00e4tzte Lesezeit":"6 Minuten"},"schema":{"@context":"https:\/\/schema.org","@graph":[{"@type":"WebPage","@id":"https:\/\/christmann-foto.de\/?page_id=50","url":"https:\/\/christmann-foto.de\/?page_id=50","name":"AGB - CHRISTMANN FOTOGRAFIE","isPartOf":{"@id":"https:\/\/christmann-foto.de\/#website"},"datePublished":"2019-10-16T12:24:15+00:00","dateModified":"2019-12-18T12:01:59+00:00","breadcrumb":{"@id":"https:\/\/christmann-foto.de\/?page_id=50#breadcrumb"},"inLanguage":"de-DE","potentialAction":[{"@type":"ReadAction","target":["https:\/\/christmann-foto.de\/?page_id=50"]}]},{"@type":"BreadcrumbList","@id":"https:\/\/christmann-foto.de\/?page_id=50#breadcrumb","itemListElement":[{"@type":"ListItem","position":1,"name":"Startseite","item":"https:\/\/christmann-foto.de\/?page_id=24"},{"@type":"ListItem","position":2,"name":"AGB"}]},{"@type":"WebSite","@id":"https:\/\/christmann-foto.de\/#website","url":"https:\/\/christmann-foto.de\/","name":"CHRISTMANN FOTOGRAFIE","description":"Fotografien aus aller Welt","potentialAction":[{"@type":"SearchAction","target":{"@type":"EntryPoint","urlTemplate":"https:\/\/christmann-foto.de\/?s={search_term_string}"},"query-input":"required name=search_term_string"}],"inLanguage":"de-DE"}]}},"_links":{"self":[{"href":"https:\/\/christmann-foto.de\/index.php?rest_route=\/wp\/v2\/pages\/50"}],"collection":[{"href":"https:\/\/christmann-foto.de\/index.php?rest_route=\/wp\/v2\/pages"}],"about":[{"href":"https:\/\/christmann-foto.de\/index.php?rest_route=\/wp\/v2\/types\/page"}],"author":[{"embeddable":true,"href":"https:\/\/christmann-foto.de\/index.php?rest_route=\/wp\/v2\/users\/1"}],"replies":[{"embeddable":true,"href":"https:\/\/christmann-foto.de\/index.php?rest_route=%2Fwp%2Fv2%2Fcomments&post=50"}],"version-history":[{"count":3,"href":"https:\/\/christmann-foto.de\/index.php?rest_route=\/wp\/v2\/pages\/50\/revisions"}],"predecessor-version":[{"id":226,"href":"https:\/\/christmann-foto.de\/index.php?rest_route=\/wp\/v2\/pages\/50\/revisions\/226"}],"wp:attachment":[{"href":"https:\/\/christmann-foto.de\/index.php?rest_route=%2Fwp%2Fv2%2Fmedia&parent=50"}],"curies":[{"name":"wp","href":"https:\/\/api.w.org\/{rel}","templated":true}]}}